{"id":34,"date":"2019-01-15T13:07:16","date_gmt":"2019-01-15T13:07:16","guid":{"rendered":"https:\/\/schmerzwerkstatt.de\/?page_id=34"},"modified":"2019-05-16T12:36:58","modified_gmt":"2019-05-16T12:36:58","slug":"ueber-uns","status":"publish","type":"page","link":"https:\/\/www.schmerzwerkstatt.com\/ru\/ueber-uns\/","title":{"rendered":"\u00dcber Uns"},"content":{"rendered":"<h1 class=\"wp-block-heading\"><strong><span>\u041e\u0431\u0443\u0447\u0435\u043d\u0438\u0435<\/span> \u0423\u0437\u043d\u0430\u0439\u0442\u0435 \u043d\u0430\u0441!<\/strong><\/h1>\n\n\n\n<p>Wir stellen unser Praxiskonzept vor und erkl\u00e4ren, was uns besonders macht. <br>\u041f\u043e\u0434\u0440\u043e\u0431\u043d\u0435\u0435 \u043e&nbsp;<a href=\"\/ru\/ueber-uns\/warum-schmerzwerkstatt-muenchen\/\">\u041a\u043e\u043d\u0446\u0435\u043f\u0446\u0438\u044f \u043f\u0440\u0430\u043a\u0442\u0438\u043a\u0438<\/a><\/p>\n\n\n\n<p>\u0417\u0434\u0435\u0441\u044c \u0432\u044b \u043d\u0430\u0439\u0434\u0435\u0442\u0435 \u0438\u043d\u0444\u043e\u0440\u043c\u0430\u0446\u0438\u044e \u043e \u0440\u0435\u0437\u044e\u043c\u0435 \u0434\u043e\u043a\u0442\u043e\u0440\u0430 \u0413\u0430\u043b\u043b\u0430 \u0438 \u043e\u0431\u043b\u0430\u0441\u0442\u044f\u0445 \u0435\u0433\u043e \u0441\u043f\u0435\u0446\u0438\u0430\u043b\u0438\u0437\u0430\u0446\u0438\u0438. <br>\u041f\u043e\u0434\u0440\u043e\u0431\u043d\u0435\u0435 \u043e&nbsp;<a href=\"\/ru\/ueber-uns\/dr-claudius-gall\/\">\u0414\u043e\u043a\u0442\u043e\u0440 \u0413\u0430\u043b\u043b<\/a><\/p>\n\n\n\n<p>Anfahrt &amp; \u00d6ffnungszeiten: Wir sind ab 8 Uhr morgens f\u00fcr Sie da. <br>\u041f\u043e\u0434\u0440\u043e\u0431\u043d\u0435\u0435 \u043e&nbsp;<a href=\"\/ru\/kontakt\/\">Anfahrt &amp; \u00d6ffnungszeiten<\/a><\/p>","protected":false},"excerpt":{"rendered":"<p>Lernen Sie uns kennen! Wir stellen unser Praxiskonzept vor und erkl\u00e4ren, was uns besonders macht. Mehr zum&nbsp;Praxiskonzept Hier erhalten Sie Informationen zu Dr. Galls Lebenslauf und Schwerpunkten. Mehr zu&nbsp;Dr.&nbsp;Gall Anfahrt &amp; \u00d6ffnungszeiten: Wir sind ab 8 Uhr morgens f\u00fcr Sie da. Mehr zu&nbsp;Anfahrt &amp; \u00d6ffnungszeiten<\/p>","protected":false},"author":2,"featured_media":0,"parent":0,"menu_order":0,"comment_status":"closed","ping_status":"closed","template":"page-templates\/full-width.php","meta":{"iawp_total_views":40,"footnotes":""},"class_list":["post-34","page","type-page","status-publish","hentry"],"_links":{"self":[{"href":"https:\/\/www.schmerzwerkstatt.com\/ru\/wp-json\/wp\/v2\/pages\/34","targetHints":{"allow":["GET"]}}],"collection":[{"href":"https:\/\/www.schmerzwerkstatt.com\/ru\/wp-json\/wp\/v2\/pages"}],"about":[{"href":"https:\/\/www.schmerzwerkstatt.com\/ru\/wp-json\/wp\/v2\/types\/page"}],"author":[{"embeddable":true,"href":"https:\/\/www.schmerzwerkstatt.com\/ru\/wp-json\/wp\/v2\/users\/2"}],"replies":[{"embeddable":true,"href":"https:\/\/www.schmerzwerkstatt.com\/ru\/wp-json\/wp\/v2\/comments?post=34"}],"version-history":[{"count":0,"href":"https:\/\/www.schmerzwerkstatt.com\/ru\/wp-json\/wp\/v2\/pages\/34\/revisions"}],"wp:attachment":[{"href":"https:\/\/www.schmerzwerkstatt.com\/ru\/wp-json\/wp\/v2\/media?parent=34"}],"curies":[{"name":"wp","href":"https:\/\/api.w.org\/{rel}","templated":true}]}}

Über Uns

<h1 class="wp-block-heading"><strong><span>Обучение</span> Узнайте нас!</strong></h1>



<p>Wir stellen unser Praxiskonzept vor und erklären, was uns besonders macht. <br>Подробнее о&nbsp;<a href="/ru/ueber-uns/warum-schmerzwerkstatt-muenchen/">Концепция практики</a></p>



<p>Здесь вы найдете информацию о резюме доктора Галла и областях его специализации. <br>Подробнее о&nbsp;<a href="/ru/ueber-uns/dr-claudius-gall/">Доктор Галл</a></p>



<p>Anfahrt &amp; Öffnungszeiten: Wir sind ab 8 Uhr morgens für Sie da. <br>Подробнее о&nbsp;<a href="/ru/kontakt/">Anfahrt &amp; Öffnungszeiten</a></p>

<p>Lernen Sie uns kennen! Wir stellen unser Praxiskonzept vor und erklären, was uns besonders macht. Mehr zum&nbsp;Praxiskonzept Hier erhalten Sie Informationen zu Dr. Galls Lebenslauf und Schwerpunkten. Mehr zu&nbsp;Dr.&nbsp;Gall Anfahrt &amp; Öffnungszeiten: Wir sind ab 8 Uhr morgens für Sie da. Mehr zu&nbsp;Anfahrt &amp; Öffnungszeiten</p>
