{"id":34,"date":"2019-01-15T13:07:16","date_gmt":"2019-01-15T13:07:16","guid":{"rendered":"https:\/\/schmerzwerkstatt.de\/?page_id=34"},"modified":"2019-05-16T12:36:58","modified_gmt":"2019-05-16T12:36:58","slug":"ueber-uns","status":"publish","type":"page","link":"https:\/\/www.schmerzwerkstatt.com\/en\/ueber-uns\/","title":{"rendered":"\u00dcber Uns"},"content":{"rendered":"<h1 class=\"wp-block-heading\"><strong><span>Learning<\/span> Get to know us!<\/strong><\/h1>\n\n\n\n<p>Wir stellen unser Praxiskonzept vor und erkl\u00e4ren, was uns besonders macht. <br>More about the&nbsp;<a href=\"\/en\/ueber-uns\/warum-schmerzwerkstatt-muenchen\/\">Practice concept<\/a><\/p>\n\n\n\n<p>Here you will find information on Dr Gall's CV and areas of specialisation. <br>More about&nbsp;<a href=\"\/en\/ueber-uns\/dr-claudius-gall\/\">Dr Gall<\/a><\/p>\n\n\n\n<p>Anfahrt &amp; \u00d6ffnungszeiten: Wir sind ab 8 Uhr morgens f\u00fcr Sie da. <br>More about&nbsp;<a href=\"\/en\/kontakt\/\">Anfahrt &amp; \u00d6ffnungszeiten<\/a><\/p>","protected":false},"excerpt":{"rendered":"<p>Lernen Sie uns kennen! Wir stellen unser Praxiskonzept vor und erkl\u00e4ren, was uns besonders macht. Mehr zum&nbsp;Praxiskonzept Hier erhalten Sie Informationen zu Dr. Galls Lebenslauf und Schwerpunkten. Mehr zu&nbsp;Dr.&nbsp;Gall Anfahrt &amp; \u00d6ffnungszeiten: Wir sind ab 8 Uhr morgens f\u00fcr Sie da. Mehr zu&nbsp;Anfahrt &amp; \u00d6ffnungszeiten<\/p>","protected":false},"author":2,"featured_media":0,"parent":0,"menu_order":0,"comment_status":"closed","ping_status":"closed","template":"page-templates\/full-width.php","meta":{"iawp_total_views":40,"footnotes":""},"class_list":["post-34","page","type-page","status-publish","hentry"],"_links":{"self":[{"href":"https:\/\/www.schmerzwerkstatt.com\/en\/wp-json\/wp\/v2\/pages\/34","targetHints":{"allow":["GET"]}}],"collection":[{"href":"https:\/\/www.schmerzwerkstatt.com\/en\/wp-json\/wp\/v2\/pages"}],"about":[{"href":"https:\/\/www.schmerzwerkstatt.com\/en\/wp-json\/wp\/v2\/types\/page"}],"author":[{"embeddable":true,"href":"https:\/\/www.schmerzwerkstatt.com\/en\/wp-json\/wp\/v2\/users\/2"}],"replies":[{"embeddable":true,"href":"https:\/\/www.schmerzwerkstatt.com\/en\/wp-json\/wp\/v2\/comments?post=34"}],"version-history":[{"count":0,"href":"https:\/\/www.schmerzwerkstatt.com\/en\/wp-json\/wp\/v2\/pages\/34\/revisions"}],"wp:attachment":[{"href":"https:\/\/www.schmerzwerkstatt.com\/en\/wp-json\/wp\/v2\/media?parent=34"}],"curies":[{"name":"wp","href":"https:\/\/api.w.org\/{rel}","templated":true}]}}

Über Uns

<h1 class="wp-block-heading"><strong><span>Learning</span> Get to know us!</strong></h1>



<p>Wir stellen unser Praxiskonzept vor und erklären, was uns besonders macht. <br>More about the&nbsp;<a href="/en/ueber-uns/warum-schmerzwerkstatt-muenchen/">Practice concept</a></p>



<p>Here you will find information on Dr Gall's CV and areas of specialisation. <br>More about&nbsp;<a href="/en/ueber-uns/dr-claudius-gall/">Dr Gall</a></p>



<p>Anfahrt &amp; Öffnungszeiten: Wir sind ab 8 Uhr morgens für Sie da. <br>More about&nbsp;<a href="/en/kontakt/">Anfahrt &amp; Öffnungszeiten</a></p>

<p>Lernen Sie uns kennen! Wir stellen unser Praxiskonzept vor und erklären, was uns besonders macht. Mehr zum&nbsp;Praxiskonzept Hier erhalten Sie Informationen zu Dr. Galls Lebenslauf und Schwerpunkten. Mehr zu&nbsp;Dr.&nbsp;Gall Anfahrt &amp; Öffnungszeiten: Wir sind ab 8 Uhr morgens für Sie da. Mehr zu&nbsp;Anfahrt &amp; Öffnungszeiten</p>
